4?
True
Is 4040400 a multiple of 111?
True
Is 243848 a multiple of 44?
True
Is 84 a factor of 270779?
False
Is 73 a factor of 1353004?
False
Is 22474 even?
True
Is 414 a factor of 223974?
True
Is 32 a factor of 5713340?
False
Does 15 divide 1205432?
False
Is 111300 a multiple of 30?
True
Does 420 divide 167580?
True
Is 5946668 a multiple of 91?
True
Is 2610464 a multiple of 4?
True
Does 27 divide 1454103?
False
Is 255 a factor of 12854494?
False
Does 81 divide 507060?
True
Is 292 a factor of 21243292?
True
Is 4 a factor of 211214?
False
Does 254 divide 520192?
True
Is 10081399 a multiple of 150?
False
Is 46 a factor of 1124300?
False
Is 133664 a multiple of 40?
False
Is 255573 a multiple of 9?
True
Is 251088 a multiple of 126?
False
Is 1952045 a multiple of 335?
True
Is 153 a factor of 4350752?
False
Does 199 divide 27731219?
False
Is 7 a factor of 166777?
False
Is 16999571 a multiple of 311?
True
Is 3052140 a multiple of 676?
True
Is 5 a factor of 228811?
False
Is 5614987 a multiple of 32?
False
Is 110 a factor of 309430?
True
Is 134007 a multiple of 349?
False
Is 152865 a multiple of 129?
True
Does 60 divide 1124100?
True
Is 535984 a multiple of 139?
True
Is 874888 a multiple of 17?
True
Is 175701 a multiple of 15?
False
Does 120 divide 124200?
True
Is 30 a factor of 2582460?
True
Does 79 divide 2979959?
True
Does 624 divide 1279741?
False
Is 21 a factor of 38651?
False
Is 131004 a multiple of 573?
False
Does 969 divide 6650247?
True
Is 68 a factor of 5927968?
True
Is 124 a factor of 86800?
True
Is 124 a factor of 2346328?
True
Is 3169 a multiple of 65?
False
Does 60 divide 27541?
False
Is 1440 a multiple of 180?
True
Is 7652847 a multiple of 49?
False
Is 2302500 a multiple of 50?
True
Is 7765922 a multiple of 662?
True
Is 293980 a multiple of 286?
False
Does 116 divide 142332?
True
Is 257741 a multiple of 8?
False
Is 291 a factor of 146164?
False
Does 504 divide 1247042?
False
Is 38 a factor of 193344?
True
Is 3148965 a multiple of 381?
True
Is 7 a factor of 14371588?
True
Is 189 a factor of 3232325?
False
Does 176 divide 835472?
True
Is 29040 a multiple of 80?
True
Does 255 divide 657900?
True
Is 186907 a multiple of 45?
False
Does 460 divide 516120?
True
Does 7 divide 1758232?
True
Does 18 divide 10270494?
True
Does 6 divide 68023?
False
Is 82965 a multiple of 6?
False
Is 18408 a multiple of 24?
True
Is 1563152 a multiple of 6?
False
Is 6 a factor of 117534?
True
Does 314 divide 3790608?
True
Is 343434 a multiple of 442?
True
Does 222 divide 10095429?
False
Is 1333176 a multiple of 4?
True
Is 98217 a multiple of 63?
True
Does 861 divide 291370?
False
Is 526 a factor of 213274?
False
Is 348 a factor of 2983056?
True
Is 121296 a multiple of 266?
True
Is 104 a factor of 110032?
True
Is 259 a factor of 677544?
True
Does 36 divide 175914?
False
Is 100908 a multiple of 255?
False
Is 7 a factor of 1082844?
True
Is 652860 a multiple of 81?
True
Is 1491282 a multiple of 13?
True
Does 41 divide 151819?
False
Is 12 a factor of 2092392?
True
Does 77 divide 15477?
True
Does 45 divide 322751?
False
Does 879 divide 3965650?
False
Is 18393 a multiple of 191?
False
Is 150 a factor of 558806?
False
Is 104720 a multiple of 187?
True
Is 618299 a multiple of 297?
False
Is 586989 a multiple of 261?
True
Is 185601 a multiple of 39?
True
Is 21429350 a multiple of 1445?
True
Is 13 a factor of 282997?
True
Is 590249 a multiple of 11?
True
Does 38 divide 18764615?
False
Does 9 divide 3987279?
True
Is 272369 a multiple of 5?
False
Is 10 a factor of 375262?
False
Does 36 divide 517716?
True
Is 448 a factor of 171808?
False
Is 3776820 a multiple of 60?
True
Is 16778 a multiple of 16?
False
Is 972 a factor of 579688?
False
Does 151 divide 72787?
False
Is 2709504 a multiple of 98?
True
Is 40156 a multiple of 20?
False
Does 24 divide 681972?
False
Is 46745 a multiple of 28?
False
Is 10133278 a multiple of 17?
False
Is 264 a factor of 137153?
False
Is 442020 a multiple of 15?
True
Does 649 divide 1197474?
False
Is 606 a factor of 369604?
False
Is 4451790 a multiple of 714?
True
Is 1723490 a multiple of 94?
True
Is 1978 a factor of 3285321?
False
Is 178708 a multiple of 43?
True
Does 34 divide 3629670?
True
Does 187 divide 1272441?
False
Is 58496 a multiple of 55?
False
Does 371 divide 220483?
False
Does 88 divide 56840?
False
Is 120 a factor of 356980?
False
Is 1159 a factor of 682330?
False
Is 792 a factor of 2897438?
False
Is 1100 a factor of 706627?
False
Is 1296876 a multiple of 4?
True
Is 12957 a multiple of 4?
False
Does 16 divide 113024?
True
Does 4 divide 330416?
True
Is 35 a factor of 252266?
False
Is 228 a factor of 2075028?
True
Is 236885 a multiple of 295?
True
Is 926350 a multiple of 231?
False
Does 10 divide 313229?
False
Does 15 divide 17660046?
False
Does 33 divide 1645577?
False
Is 4643865 a multiple of 595?
False
Is 1860632 a multiple of 152?
True
Is 26 a factor of 167050?
True
Is 78 a factor of 443040?
True
Is 2 a factor of 148155?
False
Is 20 a factor of 695540?
True
Is 2051445 a multiple of 436?
False
Is 1185434 a multiple of 63?
False
Is 582059 a multiple of 159?
False
Does 101 divide 953743?
True
Is 68 a factor of 946862?
False
Is 464 a factor of 266867?
False
Is 3081274 a multiple of 55?
False
Is 2266964 a multiple of 219?
False
Does 741 divide 3513169?
False
Is 2139003 a multiple of 53?
False
Is 661842 a multiple of 443?
True
Is 118 a factor of 8719350?
False
Does 51 divide 92789?
False
Is 2991953 a multiple of 233?
True
Is 319 a factor of 458403?
True
Is 108 a factor of 13777020?
True
Does 68 divide 422892?
True
Is 75 a factor of 1476825?
True
Does 4 divide 2044377?
False
Is 1592125 a multiple of 177?
False
Is 3087580 a multiple of 127?
False
Does 12 divide 162132?
True
Is 52 a factor of 561097?
False
Is 27 a factor of 6642?
True
Does 721 divide 4725434?
True
Is 411 a factor of 9430473?
False
Is 29936 a multiple of 9?
False
Is 11 a factor of 81524?
False
Is 6 a factor of 534959?
False
Is 15 a factor of 1155555?
True
Does 7 divide 74221?
True
Is 12 a factor of 1675733?
False
Is 7986731 a multiple of 118?
False
Does 5 divide 1484209?
False
Is 58 a factor of 1093269?
False
Is 3094272 a multiple of 136?
True
Is 4 a factor of 37676?
True
Is 394789 a multiple of 146?
False
Does 92 divide 66043?
False
Is 102 a factor of 782197?
False
Does 23 divide 27031371?
True
Is 337 a factor of 1484051?
False
Is 1411551 a multiple of 423?
True
Is 9 a factor of 603027?
True
Is 7 a factor of 17308?
False
Is 151 a factor of 4228?
True
Is 21 a factor of 78729?
True
Does 14 divide 55908?
False
Is 159560 a multiple of 26?
False
Does 506 divide 933436?
False
Is 766892 a multiple of 61?
True
Does 19 divide 23682?
False
Is 1009970 a multiple of 78?
False
Does 4 divide 44084?
True
Does 59 divide 919785?
False
Is 57086 a multiple of 10?
False
Is 1028532 a multiple of 12?
True
Does 537 divide 7717029?
False
Is 61274 a multiple of 4?
False
Is 19 a factor of 432246?
False
Is 4042267 a multiple of 131?
True
Is 13 a factor of 5804162?
True
Is 249898 a multiple of 16?
False
Does 20 divide 186040?
True
Is 6 a factor of 160524?
True
Is 169 a factor of 13066185?
False
Is 3070128 a multiple of 16?
True
Is 21 a factor of 3727?
False
Is 75238 even?
True
Is 224 a factor of 392672?
True
Is 234552 a multiple of 6?
True
Is 11 a factor of 595001?
True
Does 46 divide 1434535?
False
Is 17011803 a multiple of 1500?
False
Does 34 divide 130662?
True
Is 21 a factor of 1587495?
True
Does 4 divide 147048?
True
Is 20 a factor of 169178?
False
Is 76 a factor of 201135?
False
Is 16270067 a multiple of 1727?
True
Is 3117004 a multiple of 79?
False
Does 83 divide 889324?
False
Is 22 a factor of 1848?
True
Is 6274650 a multiple of 590?
True
Is 115 a factor of 371680?
True
Is 1118389 a multiple of 20?
False
Is 1215592 a multiple of 14?
True
Is 1766810 a multiple of 85?
True
Is 70 a factor of 2501030?
True
Is 59 a factor of 942820?
True
Does 2 divide 686757?
False
Does 10 divide 7364100?
True
Does 726 divide 11272602?
True
Does 29 divide 1738222?
False
Does 151 divide 33981?
False
Is 8 a factor of 302208?
True
Is 814 a factor of 4087094?
True
Is 78 a factor of 1272024?
True
Is 24211 a multiple of 11?
True
Does 15 divide 4210542?
False
Is 8 a factor of 62728?
True
Is 580580 a multiple of 35?
True
Is 35 a